t is the tens digit of p?
1
Let q = 0 - -1. Let i(b) = 0*b**2 + 5*b**2 + 2*b**2 + 0*b**2 + b. What is the units digit of i(q)?
8
Let r(b) = b + 4. Let t be -1*((-1 - -2) + 2). Let u be r(t). Let h = 2 - u. What is the units digit of h?
1
Let d be (-14)/6*(-2 + 5). Let o = d + 16. Suppose j = 3*g + 1, -2*g + g + o = 2*j. What is the units digit of g?
1
Let z = 22 - -5. Suppose 0*d = -2*d - 4*n + 8, -3*d = 3*n - z. What is the units digit of d?
4
Suppose -3*h + 36 = -18. Suppose -h + 4 = -w. What is the tens digit of w?
1
Let x = 60 - 34. What is the tens digit of x?
2
Let y(d) = d**2 - d + 38. What is the tens digit of y(0)?
3
Let h(r) = r**3 - 3*r**2 - 4*r - 3. Suppose 2*y + 2 - 10 = 0. Let j be h(y). Let m = j + 10. What is the units digit of m?
7
Let n = -8 - -13. Suppose 0 = 2*c + 5*s - n - 7, -3*s + 24 = 4*c. What is the units digit of c?
6
Let n(t) = -5*t + 2. Let w be n(5). Let h = w - -77. What is the units digit of (h/8)/((-18)/(-48))?
8
Suppose 4*p + 16 = 2*t, 3*t + 5*p = 2*t + 1. Let c = -3 + t. Let u = 1 + c. What is the units digit of u?
4
Let k(a) = -a**2 + 4*a + 3. Let g be k(4). Let p(v) = v**2 + 2*v + 2. Let l be p(g). Suppose m - 6 + 3 = 0, -4*t + l = 3*m. What is the units digit of t?
2
Let d(w) = w - 2. Let u be d(-3). Suppose -b - 2 = 5. Let j = u - b. What is the units digit of j?
2
Let b(t) = -4*t + 10 + t + 4*t. What is the units digit of b(-5)?
5
Suppose -t + 4*t = 4*n + 156, 0 = -n. What is the units digit of t?
2
Suppose 5*u = 4*w - 1, 0*w - 4*w + 19 = u. Let d = w + 11. What is the units digit of d?
5
Suppose y = 4*y + 36. Let g(m) = m**2 + 9*m - 5. What is the tens digit of g(y)?
3
Let y be 11/3 + (-3)/(-9). Suppose -28 - 20 = -y*c. Suppose 0 = u + 3*a - c, 5*a + 2 - 17 = 0. What is the units digit of u?
3
Suppose 5*c + n - 37 = 0, -c + 3 + 2 = n. Suppose -x + p = -c, -4*p = 3*x - p - 42. What is the units digit of x?
1
Let o = 55 + 32. What is the tens digit of o?
8
Suppose 0 = -v - i + 6, -4*i + 21 = 5. What is the units digit of v/10 + (-1071)/(-45)?
4
Let j = 4 + -6. Let h be -1 - j - (1 - 0). Suppose 2*a + 1 = -5*l - 0, h = a - 5*l - 22. What is the units digit of a?
7
Suppose -h + 5*k = 5, 4*h - 4*k - 8 = 4. Suppose 3*g - 24 = -4*n, 1 - 41 = -h*g + n. What is the units digit of g?
8
What is the units digit of 4/(-12) + (-22)/(-3)?
7
Let n = 3 + 0. Suppose x = 5*q + 2*x - 8, -n*q = -x. What is the units digit of q?
1
Let i(g) = -g**3 + 7*g**2 - 7*g + 6. Let y be i(6). Suppose y*x = -2*x + 6. What is the units digit of x?
3
Let o(z) = 6*z + 4. Let m be o(-3). Let y = m - -24. What is the tens digit of y?
1
Let t(h) = -2*h - 5. Let m be t(-6). Let u be (-32 - 1)*(-3)/9. Suppose 2*r + 2*x = 7*x + m, -2*r + x + u = 0. What is the units digit of r?
6
Let n(v) = 4*v**2 - 7*v + 10. Let p be (-2)/13 - (-126)/(-26). Let l(i) = 7*i**2 - 14*i + 19. Let m(j) = p*n(j) + 3*l(j). What is the units digit of m(8)?
5
Let d(s) = -s - 4 - 13 + 4. Let p be d(-6). What is the units digit of 10/35 - 68/p?
0
What is the tens digit of 66 + 3 + (-2 - 0)?
6
What is the tens digit of 8/(-2) + (-100)/(-4)?
2
Let w = -2 - -4. Let z = -4 - w. Let u = -5 - z. What is the units digit of u?
1
Let s be (-4 + 1)*(-6)/(-3). Let l be (s/5)/((-3)/30). Suppose -l = 2*a - 36. What is the units digit of a?
2
Let n = 164 - 106. Suppose -3*f - 16 + n = 0. What is the tens digit of f?
1
Let a(j) = -j**2 + 7*j + 10. What is the units digit of a(8)?
2
Let y = 12 - 19. Suppose 4*x + 5*u - 56 = 0, 2*x + 6*u = u + 28. What is the units digit of (-2)/y + 38/x?
3
Let z(b) = b**3 - 4*b**2 + 2*b - 4. Let g = -2 + 6. What is the units digit of z(g)?
4
What is the units digit of (-16)/(-12) + 50/3?
8
Suppose x = -3*x + 56. Let o = x - 8. What is the units digit of o?
6
Let c(w) = w + 4. Let m be c(-2). Suppose 0 = -m*k + k + 9. What is the units digit of 2/k + (-97)/(-9)?
1
Let k be (4 + -3)/((-2)/6). Let r = -3 - k. Let m = 7 + r. What is the units digit of m?
7
Let v = -127 - -328. What is the units digit of v?
1
Suppose -m + 2*m = 2. Suppose -30 = 4*o + m*f, -4*o + 4*f - 55 = f. Let y = -7 - o. What is the units digit of y?
3
Suppose -26 = -m + 36. What is the units digit of m?
2
Suppose 0*d = -4*d + 1076. What is the hundreds digit of d?
2
Let m = -24 - -6. Let t = -12 - m. What is the units digit of 19/2 - (-3)/t?
0
Let x(w) = -w**3 + 5*w**3 + 4*w + 1 - 5*w**3 - 3*w**2. Let l(h) = -h**2 + 1. Let s(k) = -2*l(k) + x(k). What is the units digit of s(-3)?
5
Suppose -28 = -0*w - w. Suppose 0 = -3*q + w + 5. What is the tens digit of q?
1
Let p(m) = m - 4. Let y be p(6). Suppose 0 = l - 11 - y. What is the units digit of l?
3
What is the tens digit of 8*(-3)/((-6)/10)?
4
Let x(f) be the second derivative of 0*f**2 + 0 + 2*f - 2/3*f**3. What is the units digit of x(-2)?
8
Let c = -103 - -133. What is the tens digit of c?
3
Let n(u) = -u**2 - 39*u - 51. What is the hundreds digit of n(-17)?
3
Let f(z) = 15*z - 17. What is the units digit of f(2)?
3
Let k = 13 - 9. Suppose 0 = -3*t + 3*p - 1 + 28, 3*p = -12. Let b = t - k. What is the units digit of b?
1
Suppose -4*m = -0*m - 16. Suppose -4*h = 2*d - 16, -2*h + 2 = m*d - 0. What is the units digit of (1/d)/((-5)/30)?
3
What is the units digit of (-6)/1*(-6)/12?
3
Suppose -3*d + 4*d = 1. Suppose u + d = 0, 3*u + u - 96 = -5*q. What is the tens digit of q?
2
Suppose 0 = -2*m - 2*z + 16, -z = 5*m - 4*z. Suppose 3*n = m*x + x + 33, -26 = -2*n + 4*x. What is the units digit of n?
7
Let k(p) = 6*p**2 + 2*p + 2. Let j be k(-2). Suppose 0 = -2*q + 5*b + j, 5*q - 55 = b + 2*b. Let s = q - 6. What is the units digit of s?
5
Let o(r) = -3*r**2 - r + 33. What is the units digit of o(0)?
3
Suppose -5*h + 3*h = -4. Suppose -s + h = -2. Suppose -4*f = 3*m - s, -2*m - 9 = 4*f + f. What is the units digit of m?
8
Let b(m) = m + 2 + 0 + 4. Let p be b(-6). Suppose 2*r + 6 - 26 = -3*q, -q - 3*r + 16 = p. What is the units digit of q?
4
Let h(q) = -q**2 + q. Let n(x) = x**3 + 4*x**2 + 5*x - 2. Let g(m) = -2*h(m) + n(m). Let o be g(-5). Suppose -o - 7 = -5*i. What is the units digit of i?
3
Let d = 16 - 22. What is the tens digit of d*2/(-6)*26?
5
Let z = -46 + 68. What is the units digit of z?
2
Let b = -5 + 7. Suppose b = 4*u - 3*u. What is the units digit of (0 - -4)*1/u?
2
Let d be 60/(-50)*(-100)/3. Suppose 0*n - d = -5*n. What is the units digit of n?
8
Let r be (3 - (0 - -3))/2. Suppose r = 5*d - p - 138, 0 = -d - 2*p + 14 + 18. What is the units digit of d?
8
Let c(f) = f**3 - 5*f**2 - 6*f + 2. Let z be c(6). Suppose z*d + 25 = 7*d. Suppose -d*u - 3*b - 7 = 0, 0 = -u - 3*b - b - 15. What is the units digit of u?
1
Let g = 13 + -11. Suppose g*m - 13 = 33. What is the units digit of m?
3
Let v(g) = g**2 + g - 2. Let m be v(-3). Suppose m*x - 4*u - 31 = -3*u, 6 = -x + 3*u. What is the units digit of x?
9
Let q be 1/(1/1)*4. Suppose -u = -3 - 8. Let p = q + u. What is the units digit of p?
5
Suppose 2*m - 1 + 5 = -5*j, -5*m + 2*j = -19. What is the units digit of m?
3
Suppose -3*d + 6 + 12 = 0. What is the units digit of (-2)/3*(-9)/d?
1
Let s(o) = o**2 + 11*o + 17. What is the units digit of s(-10)?
7
Suppose -4*t = -3*s - 3, t - 4*s = -2*t + 4. Let g = 7 + t. What is the units digit of g?
7
What is the hundreds digit of ((-1)/(-2))/(11/3960)?
1
Suppose -l - 10 = -3*l, -4*i + 101 = l. Let v = -12 + i. Let h = -3 + v. What is the units digit of h?
9
Let w = 20 + -11. What is the units digit of w?
9
Suppose 2*m - 2*d = 10, -2*d = 3*m - 2 - 3. Let p(j) be the second derivative of j**4/12 + 2*j. What is the units digit of p(m)?
9
Suppose 6*k = 2*k + 136. What is the tens digit of k?
3
Suppose 0 = -c - 3*d + 213, 2*d = d. What is the hundreds digit of c?
2
Let v(d) = -2*d**3 + d - 7. What is the units digit of v(-3)?
4
Suppose -5 = -9*d + 4*d. What is the units digit of 1/(d*(-1)/(-2))?
2
Let w = 3 - 7. Let k(z) = 3*z + 9. Let h(d) = -4*d - 10. Let c(g) = w*h(g) - 5*k(g). What is the units digit of c(6)?
1
Let d(f) = 2*f - 1. Let b be d(-3). What is the units digit of (-2)/2 - (b - 3)?
9
Suppose j + l = -1, -4*j - 3*l - 1 + 0 = 0. What is the units digit of j?
2
Suppose 2*w - 5*g = 79, 5*g - 2*g = -w + 34. What is the units digit of w?
7
Suppose 4*n = -o + 306, o - 308 = -5*n + 74. What is the units digit of n?
6
Let q(u) be the third d